 -11 + 10?
-1
In base 13, what is 3a - -1?
3b
In base 8, what is 154 + -4?
150
In base 15, what is 22 - 106?
-d4
In base 12, what is 0 - 257?
-257
In base 16, what is bc + -4?
b8
In base 15, what is 1a + -388?
-36d
In base 2, what is -10100011100 - 0?
-10100011100
In base 16, what is 10 - ce?
-be
In base 13, what is 29 - 5?
24
In base 14, what is 115 - 6?
10d
In base 8, what is -1 + 407?
406
In base 14, what is 0 - 510?
-510
In base 13, what is 2c88 + 2?
2c8a
In base 3, what is 2202202 - -10?
2202212
In base 8, what is 24772 + -2?
24770
In base 8, what is -6440 + -5?
-6445
In base 16, what is -5 - 1f?
-24
In base 3, what is -10001210 + -2?
-10001212
In base 2, what is 1100010000100 - -100?
1100010001000
In base 13, what is 14a + 26?
173
In base 4, what is -11 - 10?
-21
In base 9, what is 234 - -4?
238
In base 13, what is -2 + -64c?
-651
In base 16, what is -4 - 50?
-54
In base 2, what is 10 - -111010000?
111010010
In base 12, what is -14 + 1?
-13
In base 8, what is -4 - -56?
52
In base 6, what is -2403 + -5?
-2412
In base 10, what is -20 + -187?
-207
In base 12, what is 364 + 0?
364
In base 15, what is -3 + -38?
-3b
In base 5, what is 12 - 20?
-3
In base 13, what is 391 + -2?
38c
In base 12, what is b0 + -30?
80
In base 7, what is 3326 - 5?
3321
In base 8, what is 13 - 242?
-227
In base 4, what is -10 - -11202?
11132
In base 11, what is -a + 83?
74
In base 16, what is -c1c + 3?
-c19
In base 13, what is 5 + 72?
77
In base 11, what is 0 + 169?
169
In base 14, what is 1c5 + -1?
1c4
In base 3, what is 112201 - -12?
112220
In base 8, what is -166 + 11?
-155
In base 4, what is 11 - 31?
-20
In base 13, what is -2 - 8ab?
-8b0
In base 3, what is 20 + -20?
0
In base 9, what is 3 - -1057?
1061
In base 3, what is -12 + 121101?
121012
In base 8, what is -1721 - -4?
-1715
In base 13, what is 29 - -4?
30
In base 13, what is 19 - 5b?
-42
In base 9, what is 3 - 3?
0
In base 16, what is 7619 - -2?
761b
In base 2, what is 1100011111001 - 1?
1100011111000
In base 11, what is 4 - -14?
18
In base 13, what is -2 - a?
-c
In base 7, what is 0 - -213?
213
In base 15, what is -1 + -64c?
-64d
In base 7, what is 25 + -243?
-215
In base 12, what is 147 + 1?
148
In base 3, what is 202 - -21?
1000
In base 14, what is 383 + 0?
383
In base 9, what is 12 - 33?
-21
In base 3, what is -22 + -101?
-200
In base 4, what is -3000 - 1?
-3001
In base 2, what is 101000 + 11?
101011
In base 12, what is -386 - 5?
-38b
In base 10, what is 8 + 176?
184
In base 4, what is 3 - -232?
301
In base 12, what is 2 + 102?
104
In base 4, what is 1 - 1230212?
-1230211
In base 14, what is -4 + -a05?
-a09
In base 11, what is -6823 + -3?
-6826
In base 9, what is 32 - -83?
125
In base 8, what is 27 - -24?
53
In base 14, what is -23 + -13?
-36
In base 6, what is -3512 - -14?
-3454
In base 13, what is 0 + -3b?
-3b
In base 9, what is -5 + -256?
-262
In base 15, what is 20 - -4?
24
In base 3, what is 10 - -122121?
122201
In base 3, what is -122 + -11000?
-11122
In base 9, what is 5 - -35?
41
In base 9, what is 325 - -7?
333
In base 9, what is 66 - 182?
-115
In base 8, what is -4730 - 3?
-4733
In base 3, what is -202 + 112?
-20
In base 10, what is 5082 - -3?
5085
In base 13, what is 4 + -26a?
-266
In base 15, what is -29 + 72?
48
In base 11, what is 22 + -54?
-32
In base 11, what is -5 - 366?
-370
In base 12, what is -4b + -12?
-61
In base 3, what is 0 - -101?
101
In base 4, what is -2123 - 0?
-2123
In base 7, what is -10 - -32?
22
In base 4, what is 11 - 133?
-122
In base 6, what is -21 + -4?
-25
In base 15, what is -3 + -1d?
-21
In base 9, what is 0 + -567?
-567
In base 3, what is 200212101 + 10?
200212111
In base 5, what is 31 - -114?
200
In base 12, what is -108 + -5?
-111
In base 6, what is 1124 - -4?
1132
In base 4, what is 1331 - 2321?
-330
In base 5, what is -134142 - 0?
-134142
In base 16, what is -d + -3?
-10
In base 2, what is -11101 - 11010?
-110111
In base 6, what is -32 + 2120?
2044
In base 6, what is 4 + -225?
-221
In base 2, what is 100010000111 - 0?
100010000111
In base 12, what is -5 - 81?
-86
In base 12, what is -3b4 - -5?
-3ab
In base 11, what is 462 + -4?
459
In base 14, what is 3 - 11a5?
-11a2
In base 10, what is 335 - -9?
344
In base 14, what is 1 + 136?
137
In base 11, what is -3 - -5?
2
In base 15, what is 3 - 267?
-264
In base 14, what is 3 - 3a?
-37
In base 8, what is 31 + 2?
33
In base 7, what is -6 - 30?
-36
In base 12, what is -5 - 1529?
-1532
In base 10, what is 3 - -1?
4
In base 10, what is -7 - -15?
8
In base 5, what is 41 + -111?
-20
In base 4, what is -2 - 12000?
-12002
In base 10, what is -5 + -180?
-185
In base 11, what is 2171 - -4?
2175
In base 3, what is 210022 - 11?
210011
In base 9, what is -113 - -1?
-112
In base 2, what is 11 - -101111?
110010
In base 14, what is 8 - 13?
-9
In base 13, what is 423b - 4?
4237
In base 13, what is 382 - 7?
378
In base 8, what is -61 + -12?
-73
In base 5, what is 21 + 4?
30
In base 6, what is -5 + -3001?
-3010
In base 7, what is 1421 + 13?
1434
In base 16, what is -9b9 - -4?
-9b5
In base 3, what is -2 - 1221?
-2000
In base 15, what is -394 + 5?
-38e
In base 15, what is -d + 6?
-7
In base 3, what is -111221 - 2?
-112000
In base 16, what is -42 - 8?
-4a
In base 9, what is -252 + -5?
-257
In base 11, what is 1402 + -9?
13a4
In base 4, what is 3 + 3?
12
In base 12, what is -250 + -4?
-254
In base 9, what is 1711 + 0?
1711
In base 10, what is 7713 - 1?
7712
In base 6, what is -2 + 134?
132
In base 5, what is 11 - 241?
-230
In base 9, what is 1 + 830?
831
In base 11, what is -27 - -9?
-19
In base 2, what is -101 + 110001000?
110000011
In base 14, what is d + -16?
-7
In base 4, what is 200 + -32?
102
In base 12, what is 88 + -11?
77
In base 4, what is 221 + 313?
1200
In base 3, what is -110002 + -1?
-110010
In base 9, what is 11 + -43?
-32
In base 16, what is 2 + -2b?
-29
In base 13, what is -5 - 2a3?
-2a8
In base 10, what is 95 + 1?
96
In base 15, what is 0 - -1c?
1c
In base 16, what is 2 + 246?
248
In base 8, what is 2 - 2716?
-2714
In base 10, what is 13 - -410?
423
In base 9, what is 2 + 23?
25
In base 2, what is 11001100011 - 1101?
11001010110
In base 10, what is -3 + -188?
-191
In base 2, what is -11000010110 + 1?
-11000010101
In base 2, what is -1 + -111111?
-1000000
In base 9, what is -1264 - 0?
-1264
In base 11, what is -10a + -27?
-136
In base 16, what is 1 - -bcf?
bd0
In base 14, what is -8 + -319?
-323
In base 14, what is 4 + d3?
d7
In base 10, what is 4 + -94?
-90
In base 10, what is -2 + -26?
-28
In base 12, what is 70 - -b?
7b
In base 6, what is -305 + -4?
-313
In base 8, what is 41 - -73?
134
In base 11, what is 584 + 3?
587
In base 3, what is 11 - 21110?
-21022
In base 5, what is 124 + 30?
204
In base 9, what is -617 - -4?
-613
In base 10, what is -1 + -625?
-626
In base 15, what is -2 + 0?
-2
In base 3, what is -2 - 1120?
-1122
In base 3, what is 1021 - -111?
1202
In base 5, what is -22 - 1134?
-1211
In base 7, what is -230 + 1?
-226
In base 16, what is -2 + 2ce?
2cc
In base 3, what is 12 + -11121?
-11102
In base 6, what is 1 + -20412?
-20411
In base 14, what is -4 + 25?
21
In base 4, what is 1 - 112?
-111
In base 13, what is -18 - 38?
-53
In base 14, what is -8c - 5?
-93
In base 4, what is 102 - -32?
200
In base 9, what is -7 - 1?
-8
In base 2, what is 101111001110 + 100?
101111010010
In base 4, what is -2 + 3133?
3131
In base 14, what is 456 - 2?
454
In base 8, what is 604 + -5?
577
In base 4, what is -12 + -111?
-123
In base 3, what is 102 + 1001000?
1001102
In base 14, what is -15 - 12?
-27
In base 14, what is c31 - -5?
c36
In base 7, what is 155 + -4?
151
In base 14, what is 230 + -9?
225
In base 12, what is 7611 + -1?
7610
In base 4, what is -330332 + -11?
-331003
In base 14, what is -140 - 3?
-143
In base 3, what is -112200 - 2?
-112202
In base 10, what is -2 - 32?
-34
In base 3, what is 21111 - -11?
21122
In base 13, what is -3 + -132?
-135
In base 13, what is -2a + 10?
-1a
In base 5, what is -2420 - 1?
-2421
In base 8, what is 1011 - -5?
1016
In base 15, what is -3 + -221?
-224
In base 11, what is 1286 + 17?
12a2
In base 9, what is 65 + -103?
-27
In base 11, what is 5 + -337?
-332
In base 10, what is 5 + 611?
616
In base 7, what is -210 + -150?
-360
In base 12, what is 3b + -4?
37
In base 6, what is -3 + 23241?
2